[INFO] fetching crate xfast 0.1.0...
[INFO] checking xfast-0.1.0 against master#af3c6e733a40e671550e0f0f5aeecaa13772ba56 for pr-74989
[INFO] extracting crate xfast 0.1.0 into /workspace/builds/worker-0/source
[INFO] validating manifest of crates.io crate xfast 0.1.0 on toolchain af3c6e733a40e671550e0f0f5aeecaa13772ba56
[INFO] running `Command { std: "/workspace/cargo-home/bin/cargo" "+af3c6e733a40e671550e0f0f5aeecaa13772ba56" "read-manifest" "--manifest-path" "Cargo.toml", kill_on_drop: false }`
[INFO] started tweaking crates.io crate xfast 0.1.0
[INFO] finished tweaking crates.io crate xfast 0.1.0
[INFO] tweaked toml for crates.io crate xfast 0.1.0 written to /workspace/builds/worker-0/source/Cargo.toml
[INFO] running `Command { std: "/workspace/cargo-home/bin/cargo" "+af3c6e733a40e671550e0f0f5aeecaa13772ba56" "generate-lockfile" "--manifest-path" "Cargo.toml" "-Zno-index-update", kill_on_drop: false }`
[INFO] running `Command { std: "/workspace/cargo-home/bin/cargo" "+af3c6e733a40e671550e0f0f5aeecaa13772ba56" "fetch" "--locked" "--manifest-path" "Cargo.toml", kill_on_drop: false }`
[INFO] running `Command { std: "docker" "create" "-v" "/var/lib/crater-agent-workspace/builds/worker-0/target:/opt/rustwide/target:rw,Z" "-v" "/var/lib/crater-agent-workspace/builds/worker-0/source:/opt/rustwide/workdir:ro,Z" "-v" "/var/lib/crater-agent-workspace/cargo-home:/opt/rustwide/cargo-home:ro,Z" "-v" "/var/lib/crater-agent-workspace/rustup-home:/opt/rustwide/rustup-home:ro,Z" "-e" "SOURCE_DIR=/opt/rustwide/workdir" "-e" "CARGO_TARGET_DIR=/opt/rustwide/target" "-e" "CARGO_HOME=/opt/rustwide/cargo-home" "-e" "RUSTUP_HOME=/opt/rustwide/rustup-home" "-w" "/opt/rustwide/workdir" "-m" "1610612736" "--user" "0:0" "--network" "none" "rustops/crates-build-env@sha256:d92eaeed33fa75130ca1ee6c8a01d1ffb62bac859dfdfb3450e3e5d1c0146529" "/opt/rustwide/cargo-home/bin/cargo" "+af3c6e733a40e671550e0f0f5aeecaa13772ba56" "metadata" "--no-deps" "--format-version=1", kill_on_drop: false }`
[INFO] [stdout] ca40e54cc2b9645e22e66a2ab2c102a9eeba0d8f3861eaa98a97a8ba13268d4f
[INFO] [stderr] WARNING: Your kernel does not support swap limit capabilities or the cgroup is not mounted. Memory limited without swap.
[INFO] running `Command { std: "docker" "start" "-a" "ca40e54cc2b9645e22e66a2ab2c102a9eeba0d8f3861eaa98a97a8ba13268d4f", kill_on_drop: false }`
[INFO] running `Command { std: "docker" "inspect" "ca40e54cc2b9645e22e66a2ab2c102a9eeba0d8f3861eaa98a97a8ba13268d4f", kill_on_drop: false }`
[INFO] running `Command { std: "docker" "rm" "-f" "ca40e54cc2b9645e22e66a2ab2c102a9eeba0d8f3861eaa98a97a8ba13268d4f", kill_on_drop: false }`
[INFO] [stdout] ca40e54cc2b9645e22e66a2ab2c102a9eeba0d8f3861eaa98a97a8ba13268d4f
[INFO] running `Command { std: "docker" "create" "-v" "/var/lib/crater-agent-workspace/builds/worker-0/target:/opt/rustwide/target:rw,Z" "-v" "/var/lib/crater-agent-workspace/builds/worker-0/source:/opt/rustwide/workdir:ro,Z" "-v" "/var/lib/crater-agent-workspace/cargo-home:/opt/rustwide/cargo-home:ro,Z" "-v" "/var/lib/crater-agent-workspace/rustup-home:/opt/rustwide/rustup-home:ro,Z" "-e" "SOURCE_DIR=/opt/rustwide/workdir" "-e" "CARGO_TARGET_DIR=/opt/rustwide/target" "-e" "CARGO_INCREMENTAL=0" "-e" "RUST_BACKTRACE=full" "-e" "RUSTFLAGS=--cap-lints=forbid" "-e" "CARGO_HOME=/opt/rustwide/cargo-home" "-e" "RUSTUP_HOME=/opt/rustwide/rustup-home" "-w" "/opt/rustwide/workdir" "-m" "1610612736" "--user" "0:0" "--network" "none" "rustops/crates-build-env@sha256:d92eaeed33fa75130ca1ee6c8a01d1ffb62bac859dfdfb3450e3e5d1c0146529" "/opt/rustwide/cargo-home/bin/cargo" "+af3c6e733a40e671550e0f0f5aeecaa13772ba56" "check" "--frozen" "--all" "--all-targets" "--message-format=json", kill_on_drop: false }`
[INFO] [stdout] 3ea3c344d9982967588fc0332d2cfa60b07eb8b63742a2022d276264f0a858ed
[INFO] [stderr] WARNING: Your kernel does not support swap limit capabilities or the cgroup is not mounted. Memory limited without swap.
[INFO] running `Command { std: "docker" "start" "-a" "3ea3c344d9982967588fc0332d2cfa60b07eb8b63742a2022d276264f0a858ed", kill_on_drop: false }`
[INFO] [stderr]     Checking xfast v0.1.0 (/opt/rustwide/workdir)
[INFO] [stdout] error[E0599]: no function or associated item named `into_raw_non_null` found for struct `Box<_>` in the current scope
[INFO] [stdout]    --> src/lib.rs:150:30
[INFO] [stdout]     |
[INFO] [stdout] 150 |         let root_node = Box::into_raw_non_null(root_node);
[INFO] [stdout]     |                              ^^^^^^^^^^^^^^^^^ function or associated item not found in `Box<_>`
[INFO] [stdout] 
[INFO] [stdout] 
[INFO] [stdout] error[E0599]: no function or associated item named `into_raw_non_null` found for struct `Box<_>` in the current scope
[INFO] [stdout]    --> src/lib.rs:150:30
[INFO] [stdout]     |
[INFO] [stdout] 150 |         let root_node = Box::into_raw_non_null(root_node);
[INFO] [stdout]     |                              ^^^^^^^^^^^^^^^^^ function or associated item not found in `Box<_>`
[INFO] [stdout] 
[INFO] [stdout] 
[INFO] [stdout] error[E0599]: no function or associated item named `into_raw_non_null` found for struct `Box<_>` in the current scope
[INFO] [stdout]    --> src/lib.rs:336:38
[INFO] [stdout]     |
[INFO] [stdout] 336 |                 let temp_node = Box::into_raw_non_null(temp_node);
[INFO] [stdout]     |                                      ^^^^^^^^^^^^^^^^^ function or associated item not found in `Box<_>`
[INFO] [stdout] 
[INFO] [stdout] 
[INFO] [stdout] error[E0599]: no function or associated item named `into_raw_non_null` found for struct `Box<_>` in the current scope
[INFO] [stdout]    --> src/lib.rs:336:38
[INFO] [stdout]     |
[INFO] [stdout] 336 |                 let temp_node = Box::into_raw_non_null(temp_node);
[INFO] [stdout]     |                                      ^^^^^^^^^^^^^^^^^ function or associated item not found in `Box<_>`
[INFO] [stdout] 
[INFO] [stdout] 
[INFO] [stdout] error[E0599]: no function or associated item named `into_raw_non_null` found for struct `Box<_>` in the current scope
[INFO] [stdout]    --> src/lib.rs:432:34
[INFO] [stdout]     |
[INFO] [stdout] 432 |         let new_node = Some(Box::into_raw_non_null(new_node));
[INFO] [stdout]     |                                  ^^^^^^^^^^^^^^^^^ function or associated item not found in `Box<_>`
[INFO] [stdout] 
[INFO] [stdout] 
[INFO] [stdout] error[E0599]: no function or associated item named `into_raw_non_null` found for struct `Box<_>` in the current scope
[INFO] [stdout]    --> src/lib.rs:432:34
[INFO] [stdout]     |
[INFO] [stdout] 432 |         let new_node = Some(Box::into_raw_non_null(new_node));
[INFO] [stdout]     |                                  ^^^^^^^^^^^^^^^^^ function or associated item not found in `Box<_>`
[INFO] [stdout] 
[INFO] [stdout] 
[INFO] [stdout] error: aborting due to 3 previous errors
[INFO] [stdout] 
[INFO] [stdout] 
[INFO] [stdout] For more information about this error, try `rustc --explain E0599`.
[INFO] [stdout] 
[INFO] [stdout] error: aborting due to 3 previous errors
[INFO] [stdout] 
[INFO] [stdout] 
[INFO] [stdout] For more information about this error, try `rustc --explain E0599`.
[INFO] [stdout] 
[INFO] [stderr] error: could not compile `xfast`.
[INFO] [stderr] 
[INFO] [stderr] To learn more, run the command again with --verbose.
[INFO] [stderr] warning: build failed, waiting for other jobs to finish...
[INFO] [stderr] error: build failed
[INFO] running `Command { std: "docker" "inspect" "3ea3c344d9982967588fc0332d2cfa60b07eb8b63742a2022d276264f0a858ed", kill_on_drop: false }`
[INFO] running `Command { std: "docker" "rm" "-f" "3ea3c344d9982967588fc0332d2cfa60b07eb8b63742a2022d276264f0a858ed", kill_on_drop: false }`
[INFO] [stdout] 3ea3c344d9982967588fc0332d2cfa60b07eb8b63742a2022d276264f0a858ed
